4
Let o(j) = 6*j - 155. What is o(25)?
-5
Let l(i) = i**2 + 13*i - 18. Calculate l(-14).
-4
Let a(j) = j**3 - 33*j**2 + 34*j - 56. Calculate a(32).
8
Let v(o) = 2*o**3 - 25*o**2 + 15*o + 15. Determine v(12).
51
Let q(u) = 8*u**2 - u - 2. Calculate q(-2).
32
Let h(z) = -z**3 - z**2 - 1. Determine h(-3).
17
Let q(r) = -r**3 - r**2 - r + 2. Calculate q(3).
-37
Let g(u) = 8*u**2 - 3*u + 1. Give g(2).
27
Let h(l) = l**3 - 38*l**2 - 78*l - 85. Calculate h(40).
-5
Let y(q) = -q**3 + 8*q**2 - 5*q + 10. Determine y(7).
24
Let p(f) = -8*f - 128. What is p(-16)?
0
Let m(b) = 51*b - 322. What is m(6)?
-16
Let m(n) = 7*n - 7. Calculate m(-2).
-21
Let j(p) = 17*p - 1. What is j(2)?
33
Let h(w) = w**3 + 5*w**2 - w + 2. Give h(-5).
7
Let z(m) = -m - 19. Calculate z(-8).
-11
Let x(j) = -j**2 - 14*j + 17. What is x(-17)?
-34
Let h(m) = 3*m**2 - 24*m + 9. Give h(5).
-36
Let o(l) = -14*l. Calculate o(-1).
14
Let f(o) = o**3 + 8*o**2 - o - 7. Calculate f(-8).
1
Let b(c) = -c**3 - 17*c**2 - 15*c + 13. Calculate b(-16).
-3
Let p(b) = b**2 + 2*b - 7. Calculate p(0).
-7
Let a(t) = 5*t - 3. Give a(2).
7
Let t(i) = -i**2 - 6*i. Calculate t(0).
0
Let a(f) = -11*f**3 + f**2 + 2*f - 2. What is a(1)?
-10
Let t(v) = 2*v**3 + 4*v**2 - 3*v + 4. Give t(-4).
-48
Let t(a) = -a**3 + 30*a**2 + a - 38. Calculate t(30).
-8
Let z(g) = -g**3 + 11*g**2 + 15*g - 165. Calculate z(11).
0
Let h(c) = -2*c + 9. Give h(0).
9
Let q(b) = 6*b - 1. Calculate q(-5).
-31
Let y(q) = -2*q**3 + 13*q**2 - 27*q + 10. What is y(4)?
-18
Let v(x) = x**2 + 30*x + 57. Determine v(-27).
-24
Let a(v) = -v**2 + 81. Give a(0).
81
Let i(k) = k**3 - 4*k**2 - 4*k + 3. Determine i(5).
8
Let s(l) = l**3 - 9*l**2 + 5*l + 15. Give s(8).
-9
Let v(n) = -2*n - 7. Calculate v(-9).
11
Let j(p) = -113*p. Calculate j(1).
-113
Let l(k) = 10*k + 3. Determine l(3).
33
Let x(u) = u - 34. Give x(0).
-34
Let n(d) = 13*d**3 - d**2 - d - 1. Calculate n(-1).
-14
Let a(z) = z**3 - 6*z**2 + 6*z + 9. Calculate a(5).
14
Let m(r) = -r**3 - 12*r**2 - 28*r + 19. Calculate m(-9).
28
Let j(t) = -4*t**2 + 4*t - 10. Give j(2).
-18
Let f(o) = -o**3 - o**2 - 2*o + 6. Give f(3).
-36
Let w(n) = -n**2 + 3*n - 4. Give w(4).
-8
Let v(h) = h**3 + 6*h**2 - 2*h - 1. Calculate v(-6).
11
Let i(f) = -f - 9. What is i(-7)?
-2
Let f(i) = i**3 + 19*i**2 - 16*i + 38. Determine f(-20).
-42
Let u(o) = 2*o - 25. Give u(15).
5
Let g(x) = -3*x**2 - 4*x + 2. Determine g(0).
2
Let l(i) = -5*i - 5. What is l(-3)?
10
Let i(w) = 3*w + 51. Calculate i(-19).
-6
Let u(k) = -5*k**2 + 50*k + 4. Determine u(10).
4
Let f(q) = 2*q**2 + 8*q - 17. What is f(-5)?
-7
Let d(c) = c**2 + 7*c + 13. Calculate d(-5).
3
Let t(r) = 11*r - 161. Determine t(15).
4
Let o(x) = -7*x**2 + 3*x + 2. Give o(-1).
-8
Let a(o) = 8*o**3 + 72*o**2 + o + 4. What is a(-9)?
-5
Let g(x) = x**3 - 15*x**2 + 12*x - 5. Determine g(14).
-33
Let c(g) = -2*g + 20. What is c(9)?
2
Let w(o) = -o**3 - 10*o**2 + 72*o - 48. Calculate w(-15).
-3
Let i(a) = a**2 - 19*a + 27. What is i(17)?
-7
Let v(b) = b**3 + 21*b**2 - 21*b + 19. Calculate v(-22).
-3
Let k(z) = -z**3 + 5*z**2 + 7*z + 8. Give k(7).
-41
Let c(s) = s**2 + 11*s - 2. Give c(-13).
24
Let v(y) = y**3 - 7*y**2 + 3*y + 4. Give v(5).
-31
Let g(i) = 10*i + 3. What is g(-1)?
-7
Let r(u) = 3*u**2 - 3*u + 3. What is r(2)?
9
Let m(l) = l**3 - 5*l**2 + 2*l + 1. Calculate m(4).
-7
Let h(a) = -2*a**3 + a**2 + 2. Give h(2).
-10
Let h(z) = -2*z**3 - 4*z**2 + 3*z + 4. What is h(-4)?
56
Let b(h) = -9*h - 66. Calculate b(-7).
-3
Let r(b) = -b**3 + 9. Give r(0).
9
Let s(l) = l**2 - 7*l + 1. Determine s(8).
9
Let f(b) = b**3 - 4*b**2 - 10*b - 18. Calculate f(6).
-6
Let v(a) = 2*a + 13. Give v(-6).
1
Let y(p) = 7*p + 2. Give y(-4).
-26
Let l(u) = u**3 - 2*u**2 - u - 3. Give l(5).
67
Let d(y) = -y**3 - 9*y**2 - 4*y - 2. Give d(-8).
-34
Let c(l) = l**2 + 50*l - 277. Calculate c(5).
-2
Let s(b) = b**3 + 23*b**2 + 22*b - 4. Determine s(-22).
-4
Let x(v) = -3*v**2 - 13*v + 9. Determine x(-5).
-1
Let a(n) = n**3 - 8*n + 4. What is a(2)?
-4
Let r(s) = 11*s + 7. Determine r(0).
7
Let z(d) = d + 11. Determine z(-4).
7
Let i(r) = r - 3. Give i(1).
-2
Let f(n) = -n. Calculate f(-4).
4
Let f(z) = -z**3 - 20*z**2 - z - 5. Calculate f(-20).
15
Let i(y) = -y**3 - 16*y**2 + 2*y + 19. Determine i(-16).
-13
Let b(i) = -i**2 - 16*i + 55. Determine b(-18).
19
Let t(a) = -22*a + 226. What is t(11)?
-16
Let k(v) = -3*v**2 - 3*v - 3. Determine k(-2).
-9
Let v(o) = -o**2 + 3*o - 8. Determine v(-6).
-62
Let x(m) = -2*m**2 + 12*m - 16. Calculate x(7).
-30
Let h(a) = a**2 - 2*a + 5. Calculate h(0).
5
Let g(m) = -m**3 + 4*m**2 + 5*m. Give g(5).
0
Let m(p) = p**2 - 4*p - 21. What is m(6)?
-9
Let l(y) = -2*y**3 - 3*y**2 + y + 1. Give l(2).
-25
Let y(f) = f**2 - 13*f + 12. Give y(8).
-28
Let u(n) = n**2 - 6*n. Calculate u(6).
0
Let d(w) = w**2 - 3*w + 12. Determine d(5).
22
Let l(w) = 2*w**3 - 16*w**2 + 12*w - 19. Calculate l(7).
-33
Let i(b) = -b**2 - 29*b + 63. Give i(-31).
1
Let j(o) = o**2 + 9*o + 3. Give j(-7).
-11
Let t(y) = 5*y**2 - 3. Determine t(-3).
42
Let c(i) = -34*i**3 + i**2 - i - 3. Calculate c(-1).
33
Let k(r) = r**3 + 15*r**2 + 3*r + 38. Determine k(-15).
-7
Let q(r) = -r**3 - r**2 - 3*r - 10. Give q(0).
-10
Let d(q) = q**2 - 5*q - 8. Calculate d(10).
42
Let y(v) = -94*v - 457. Give y(-5).
13
Let r(g) = -g**3 + 9*g**2 - 5*g + 11. Give r(6).
89
Let h(j) = 6*j + 10. What is h(-4)?
-14
Let y(w) = -3*w**2 - 2*w + 2. Calculate y(-2).
-6
Let x(r) = r**2 - 10*r + 11. Calculate x(5).
-14
Let m(y) = y**3 - y**2 - 3*y - 21. Give m(0).
-21
Let z(h) = 2*h**3 + 25*h**2 + 11*h - 6. Calculate z(-12).
6
Let c(t) = -11*t**3 + 4*t - 3. Give c(2).
-83
Let m(w) = 4*w - 1. What is m(2)?
7
Let t(n) = n**3 + 10*n**2 + 8*n - 9. Give t(-7).
82
Let g(b) = -b**3 - 4*b**2 + 3*b + 12. Give g(-3).
-6
Let g(v) = -3*v**3 - 2*v**2 + v + 7. Calculate g(-2).
21
Let a(t) = t. Determine a(-8).
-8
Let r(l) = -2*l - 26. Calculate r(-12).
-2
Let m(w) = w**2 - 18*w - 41. Determine m(17).
-58
Let v(y) = -y**3 + 2*y**2 + 12*y - 3. Determine v(5).
-18
Let c(n) = n**2 - 9. Determine c(-5).
16
Let a(n) = n**2 - 19*n + 97. Determine a(8).
9
Let m(b) = -b + 4. Calculate m(10).
-6
Let q(f) = -3*f - 86. Give q(-28).
-2
Let n(v) = -v - 2. Calculate n(11).
-13
Let g(u) = -u**3 - 2*u**2 + 8*u + 10. Give g(-3).
-5
Let p(i) = 3*i - 56. Give p(18).
-2
Let l(r) = r**2 - 2*r + 9. Give l(3).
12
Let h(r) = 3*r**2 - 4*r - 6. Determine h(3).
9
Let k(u) = u + 19. What is k(15)?
34
Let m(s) = 20*s - 209. Determine m(10).
-9
Let r(a) = -a + 15. What is r(14)?
1
Let t(a) = -5*a + 2. What is t(2)?
-8
Let n(q) = 3*q - 19. What is n(5)?
-4
Let j(p) = -p**3 - 10*p**2 - 10*p. What is j(-9)?
9
Let k(c) = 2*c**2 + 40*c - 50. Determine k(-21).
-8
Let y(x) = -2*x - 11. What is y(7)?
-25
Let j(o) = 8*o**3 + 2*o**2 - 3*o - 3. Calculate j(-2).
-53
Let j(n) = -7*n - 58. What is j(-9)?
5
Let f(k) = 2*k**3 + k + 14. What is f(0)?
14
Let j(d) = -3*d**2 - 16*d + 16. What is j(0)?
16
Let o(x) = -x**2 + 17*x + 68. Give o(20).
8
Let t(k) = k**3 + k**2 - 25. What is t(0)?
-25
Let j(a) = a**3 + 18*a**2 + 31*a + 7. Determine j(-16).
23
Let j(m) = -m**3 + 9*m**2 + m - 7. Give j(9).
2
Let r(p) = -p**2 + 14*p + 14. Determine r(13).
27
Let d(g) = 6*g + 29. What is d(-4)?
5
Let v(y) = y - 8. Determine v(3).
-5
Let d(b) = -15*b + 10. Calculate d(3).
-35
Let t(i) = 4*i + 12. Calculate t(-9).
-24
Let t(f) = -4*f + 42. Calculate t(-9).
78
Let h(k) = k**2 - 11*k + 2. Give h(17).
104
Let f(o) = o - 2. Determine f(-10).
-12
Let y(r) = -r**2 + 2*r + 13. Determine y(-6).
-35
Let b(n) = n**3 + 52*n**2 - n - 71. Give b(-52).
-19
Let c(p) = -p**2 + 19*p - 27. What is c(18)?
-9
Let p(u) = 3*u**2 + 3*u - 1. Calculate p(-3).
17
Let l(j) = 20*j**2 + 59*j + 4. What is l(-3)?
7
Let g(t) = t**3 + 6*t**2 + 4*t - 5. What is g(-5)?
0
Let q(y) = -5*y - 12. Give q(-2).
-2
Let t(x) = x**3 + 24*x**2 - 22*x + 43. What is t(-25)?
-32
Let q(c) = c**2 - 13*c - 86. Determine q(18).
4
Let t(p) = p**2 + 5*p - 5. Give t(-8).
19
Let d(o) = -2*o**2 - o + 2. Calculate d(-2).
-4
Let v(i) = 42*i + 31. Calculate v(-2).
-53
Let s(i) = -i**2 - 17*i - 52. What is s(-8)?
20
Let s(o) = -o**2 - 10*o + 2. What is s(-8)?
18
Let y(l) = l**2 + 5*l + 8. What is y(-6)?
14
Let q(y) = 4*y + 45. Give q(-26).
-59
Let y(z) = z**3 - 34*z**